when 201 is divided by 199.
2
Calculate the remainder when 490 is divided by 17.
14
Calculate the remainder when 6749 is divided by 6.
5
What is the remainder when 2875 is divided by 2851?
24
Calculate the remainder when 13 is divided by 8.
5
Calculate the remainder when 1155 is divided by 4.
3
Calculate the remainder when 58 is divided by 17.
7
What is the remainder when 220 is divided by 37?
35
Calculate the remainder when 261 is divided by 4.
1
Calculate the remainder when 67 is divided by 8.
3
Calculate the remainder when 38 is divided by 13.
12
Calculate the remainder when 143 is divided by 112.
31
Calculate the remainder when 383 is divided by 23.
15
What is the remainder when 182 is divided by 21?
14
Calculate the remainder when 16 is divided by 16.
0
What is the remainder when 58 is divided by 5?
3
What is the remainder when 33 is divided by 14?
5
What is the remainder when 240 is divided by 62?
54
Calculate the remainder when 187 is divided by 62.
1
Calculate the remainder when 5611 is divided by 122.
121
What is the remainder when 159 is divided by 29?
14
Calculate the remainder when 48205 is divided by 16.
13
What is the remainder when 15685 is divided by 83?
81
What is the remainder when 7 is divided by 4?
3
Calculate the remainder when 51 is divided by 13.
12
Calculate the remainder when 2549 is divided by 1269.
11
Calculate the remainder when 1264 is divided by 7.
4
Calculate the remainder when 125 is divided by 18.
17
Calculate the remainder when 794 is divided by 15.
14
What is the remainder when 91 is divided by 33?
25
What is the remainder when 295 is divided by 68?
23
Calculate the remainder when 157 is divided by 16.
13
What is the remainder when 124 is divided by 76?
48
What is the remainder when 1881 is divided by 316?
301
What is the remainder when 4146 is divided by 378?
366
What is the remainder when 74 is divided by 36?
2
Calculate the remainder when 1167 is divided by 117.
114
What is the remainder when 89 is divided by 14?
5
What is the remainder when 330 is divided by 49?
36
Calculate the remainder when 475 is divided by 163.
149
Calculate the remainder when 1911 is divided by 95.
11
What is the remainder when 659 is divided by 83?
78
What is the remainder when 30 is divided by 5?
0
Calculate the remainder when 1529 is divided by 1528.
1
Calculate the remainder when 923 is divided by 12.
11
Calculate the remainder when 3566 is divided by 1188.
2
Calculate the remainder when 236 is divided by 236.
0
Calculate the remainder when 3292 is divided by 16.
12
Calculate the remainder when 903 is divided by 109.
31
Calculate the remainder when 3803 is divided by 1249.
56
What is the remainder when 427 is divided by 15?
7
What is the remainder when 119 is divided by 20?
19
Calculate the remainder when 216 is divided by 71.
3
Calculate the remainder when 266 is divided by 169.
97
What is the remainder when 82 is divided by 30?
22
Calculate the remainder when 412 is divided by 28.
20
Calculate the remainder when 97 is divided by 38.
21
What is the remainder when 125 is divided by 10?
5
Calculate the remainder when 13831 is divided by 182.
181
What is the remainder when 63 is divided by 3?
0
What is the remainder when 910 is divided by 40?
30
What is the remainder when 208 is divided by 54?
46
What is the remainder when 1683 is divided by 1667?
16
What is the remainder when 2945 is divided by 82?
75
Calculate the remainder when 279 is divided by 61.
35
What is the remainder when 185 is divided by 59?
8
What is the remainder when 3396 is divided by 103?
100
Calculate the remainder when 199 is divided by 51.
46
Calculate the remainder when 17 is divided by 7.
3
Calculate the remainder when 1724 is divided by 19.
14
Calculate the remainder when 735 is divided by 18.
15
What is the remainder when 199 is divided by 41?
35
What is the remainder when 65 is divided by 44?
21
Calculate the remainder when 151 is divided by 85.
66
Calculate the remainder when 3374 is divided by 65.
59
Calculate the remainder when 1002 is divided by 84.
78
What is the remainder when 4087 is divided by 146?
145
What is the remainder when 10 is divided by 10?
0
Calculate the remainder when 192 is divided by 39.
36
What is the remainder when 285 is divided by 73?
66
Calculate the remainder when 178 is divided by 50.
28
What is the remainder when 598 is divided by 40?
38
Calculate the remainder when 103 is divided by 16.
7
What is the remainder when 1187 is divided by 103?
54
Calculate the remainder when 751 is divided by 23.
15
What is the remainder when 188 is divided by 32?
28
Calculate the remainder when 2563 is divided by 17.
13
Calculate the remainder when 28 is divided by 18.
10
What is the remainder when 902 is divided by 134?
98
What is the remainder when 4206 is divided by 36?
30
What is the remainder when 474 is divided by 10?
4
What is the remainder when 8935 is divided by 15?
10
Calculate the remainder when 263 is divided by 19.
16
What is the remainder when 544 is divided by 6?
4
Calculate the remainder when 3265 is divided by 31.
10
Calculate the remainder when 4959 is divided by 70.
59
What is the remainder when 323 is divided by 156?
11
Calculate the remainder when 40 is divided by 38.
2
Calculate the remainder when 265 is divided by 67.
64
What is the remainder when 690 is divided by 227?
9
Calculate the remainder when 292 is divided by 9.
4
Calculate the remainder when 433 is divided by 194.
45
Calculate the remainder when 181 is divided by 94.
87
What is the remainder when 1789 is divided by 4?
1
What is the remainder when 8163 is divided by 4?
3
What is the remainder when 46936 is divided by 17?
16
Calculate the remainder when 484 is divided by 61.
57
What is the remainder when 356 is divided by 12?
8
What is the remainder when 170 is divided by 36?
26
What is the remainder when 4145 is divided by 17?
14
Calculate the remainder when 94 is divided by 30.
4
What is the remainder when 27620 is divided by 17?
12
Calculate the remainder when 106 is divided by 60.
46
Calculate the remainder when 561 is divided by 4.
1
What is the remainder when 1147 is divided by 25?
22
What is the remainder when 57 is divided by 16?
9
What is the remainder when 91 is divided by 29?
4
Calculate the remainder when 73 is divided by 31.
11
Calculate the remainder when 330 is divided by 26.
18
Calculate the remainder when 5761 is divided by 51.
49
Calculate the remainder when 752 is divided by 229.
65
What is the remainder when 232 is divided by 68?
28
Calculate the remainder when 100 is divided by 23.
8
Calculate the remainder when 124 is divided by 14.
12
What is the remainder when 217 is divided by 42?
7
Calculate the remainder when 44 is divided by 32.
12
What is the remainder when 966 is divided by 467?
32
What is the remainder when 1093 is divided by 219?
217
Calculate the remainder when 15403 is divided by 3849.
7
Calculate the remainder when 295 is divided by 55.
20
What is the remainder when 46 is divided by 6?
4
What is the remainder when 82 is divided by 66?
16
Calculate the remainder when 1330 is divided by 296.
146
What is the remainder when 339 is divided by 56?
3
What is the remainder when 858 is divided by 86?
84
What is the remainder when 1359 is divided by 5?
4
What is the remainder when 36 is divided by 17?
2
Calculate the remainder when 191 is divided by 40.
31
What is the remainder when 109 is divided by 46?
17
Calculate the remainder when 3478 is divided by 218.
208
What is the remainder when 4954 is divided by 216?
202
What is the remainder when 348 is divided by 14?
12
What is the remainder when 348 is divided by 176?
172
Calculate the remainder when 4943 is divided by 16.
15
What is the remainder when 390 is divided by 7?
5
What is the remainder when 285 is divided by 161?
124
Calculate the remainder when 120 is divided by 3.
0
Calculate the remainder when 29 is divided by 16.
13
What is the remainder when 326 is divided by 19?
3
What is the remainder when 111 is divided by 35?
6
What is the remainder when 1333 is divided by 279?
217
What is the remainder when 647 is divided by 65?
62
What is the remainder when 117 is divided by 42?
33
Calculate the remainder when 1237 is divided by 113.
107
Calculate the remainder when 613 is divided b